c - 16 = 0, -3*z + 4*c + c = -5747. Let s = -1338 + z. What is the units digit of s?
1
Let i be ((-2)/8)/((-13)/988). Suppose -4*x + i = p, 0*p + p = 5*x + 37. Let r = p - -2. What is the tens digit of r?
2
What is the tens digit of 108/(-486) - (-197756)/36?
9
Suppose 0 = y - 5*r + 6*r + 12, 2*y - 2*r + 8 = 0. Let i(t) = -t**3 - 7*t**2 + 9*t - 1. Let w be i(y). Let p = w - -124. What is the hundreds digit of p?
1
Let g(k) = -k**2 + 8*k + 21. Let p be g(12). What is the hundreds digit of p/(-9) + 746 + -3 + -3?
7
Suppose -631 = 4*l - 1855. Let f = l - 110. What is the tens digit of f?
9
Let n = 3369 + 14792. What is the ten thousands digit of n?
1
Let u(z) = z**2 - 12*z - 9. Let r be u(13). Let s be r - 0 - (-107 - -1). Suppose s = 2*p - 10. What is the tens digit of p?
6
Let m = 10 + 5. Suppose 5*j + 3*o = m, 0 = -2*j - 3*o + 3 + 12. Suppose -2*v + 8 = j, 5*n - v = 566 - 40. What is the hundreds digit of n?
1
Suppose -137 + 2 = -5*f. Suppose z - f = -24. Suppose -l = 3*m - 451, -z*l - 32 = -m + 135. What is the tens digit of m?
5
Let t(g) = -14*g**2 - 3*g + 4. Let l be t(4). Let f = 577 + l. Let m = -224 + f. What is the units digit of m?
1
Suppose 39381 + 174090 + 394704 = 17*k. What is the units digit of k?
5
Let p(g) = g**3 - 10*g**2 - g + 12. Let h be p(10). Suppose 0 = 5*j + 35 - 10, 2535 = 5*u - h*j. What is the hundreds digit of u?
5
Suppose -2852 = -13*w + 9082. Suppose -397 - w = -5*y. What is the units digit of y?
3
Let a = 59 - -2489. Suppose 0 = -3*p + f + a, 0*f + 4243 = 5*p + 2*f. What is the tens digit of p?
4
Let i(m) = -2*m**3 + 22*m**2 + m - 12. Let v(k) = k**2 - k + 11. Let g be v(0). Let c be i(g). What is the tens digit of (c - -219) + 6/3 + -6?
1
Let x(f) be the second derivative of -5*f**2 - 20*f + 7/12*f**4 - 1/20*f**5 + 5/2*f**3 + 0. What is the tens digit of x(8)?
4
Suppose 2*s - 3*y - 33447 = 0, 504*s = 498*s - y + 100411. What is the units digit of s?
4
Suppose 0 - 5 = -y. Suppose 4*z - 288 = y*r, -22*z + 4*r - 185 = -25*z. What is the tens digit of z?
6
Suppose 3*w + 30 = 4*w + 5*c, -2*w + 5*c = -15. Let j = w + 23. Let i = j + -30. What is the units digit of i?
8
Let f be 94/(-4)*(19 + -21). Suppose -14 = -4*m - 2, f = 4*g + m. What is the tens digit of 2/g - 2840/(-110)?
2
Suppose -19 + 4 = -2*c + 5*f, 0 = 3*c - 5*f - 15. Suppose 2*m = -c*m + 192. What is the units digit of m - 6/(6/(-2))?
8
Let o = 9 - 3. Suppose 2*c + 17 = 3*j, -j - 7 = -3*j - 3*c. Suppose -282 = -4*s + 5*u, -5*s - o*u + 338 = -j*u. What is the units digit of s?
8
What is the tens digit of (-1730)/3*(-504)/420?
9
Suppose -440*s + 439*s + 4*p + 5761 = 0, 17311 = 3*s - 5*p. What is the units digit of s?
7
Let s = -234 + -146. Let u = s + 604. What is the units digit of u?
4
Suppose 0 = -c + 1, -3*j - 12*c + 26222 = -13*c. What is the units digit of j?
1
Let c = 96340 - 56463. What is the units digit of c?
7
Let f(r) = 148*r**2 + 83*r + 548. What is the units digit of f(-7)?
9
Let x be (4 + -14)*49/(-14). Let f(l) = -2*l**2 + 81*l - 45. What is the units digit of f(x)?
0
Let m(u) = 1089*u - 387. What is the tens digit of m(10)?
0
What is the ten thousands digit of (945/2 - (-16 + 19))*92?
4
Let k(z) = -z**2 + 31*z + 56. Let f(o) = o**2 - 16*o - 28. Let a(i) = 5*f(i) + 3*k(i). Let u be a(-9). Let w = u - -12. What is the units digit of w?
5
What is the tens digit of (-13310)/(-4) + (-9 - (-187)/22)?
2
Suppose -5*y + 10983 = c, -5*y + 7*y - 4389 = c. Suppose y*r = 2197*r - 1237. What is the tens digit of r?
3
Suppose -2*q = -x - 388, 5*x = -q - 0*q - 1962. Let p be (-20)/(3 - -2) - x. Let l = p - 260. What is the hundreds digit of l?
1
Suppose -924 = -c + 5*r, -7*c - 4*r = -9*c + 1848. Suppose -22*o + 8*o - c = 0. Let u = o - -185. What is the units digit of u?
9
Suppose 3*g + 4*d - 27478 = 0, -5*g + 108*d - 112*d + 45818 = 0. What is the tens digit of g?
7
Let u = -313 - -321. What is the tens digit of (-3 - 5/((-20)/u))*-140?
4
Let l(c) = 97*c - 10. Let w be l(16). Suppose 14*v - w = 8*v. What is the tens digit of v?
5
Suppose -6*d + 3*x = -3*d - 36, d + 3*x + 4 = 0. Let w = d + -1. Suppose -w*h + 165 = 11. What is the tens digit of h?
2
Let m = -4298 + 7633. Suppose m = 22*h - 251. What is the hundreds digit of h?
1
Let v = 69 + 310. Let i = v + 27. What is the hundreds digit of i?
4
Suppose d - 4*q - 9 = -25, d = -5*q + 29. Suppose 5*h - 463 = -3*g + g, -2*h + 190 = -d*g. What is the units digit of h?
3
Suppose 3*h - 502 = 5*v - 31796, 5*v - 31276 = -3*h. What is the tens digit of v?
5
Suppose 2*j - 3960 = 3*z, 0 = 38*j - 42*j + 5*z + 7918. What is the units digit of j?
7
Let y(i) = -2*i**3 - 8*i + 6. Suppose 7*x - 20 = 12*x. Let p(w) = -2*w**3 - 7*w + 5. Let k(a) = x*y(a) + 5*p(a). What is the tens digit of k(-3)?
6
What is the tens digit of (4 - 27 - -10) + 181?
6
Let r = 3 + 14. Let z be (5/5 + 3)*-1. Let h = r + z. What is the units digit of h?
3
Let c = 50 + -24. Let j be 43*1/((-8)/(-8)). Suppose -c = -v + j. What is the tens digit of v?
6
Let o(b) = -b**3 + 10*b**2 - 14*b + 35. Let l be o(9). Let d(h) = h**3 + 5*h**2 - 23*h - 20. Let g be d(l). Let t = -55 - g. What is the units digit of t?
5
Let b(a) be the third derivative of 91*a**6/360 + a**5/40 + 5*a**4/6 + 25*a**2. Let w(u) be the second derivative of b(u). What is the units digit of w(1)?
5
What is the ten thousands digit of 200/(-60)*(-31236)/10?
1
Let w(v) = -v**3 + 8*v**2 + 14*v - 7. Let j be w(9). Let h = 203 + j. Suppose y + x - 64 + 15 = 0, 3*x = -5*y + h. What is the units digit of y?
7
Let c = -22339 - -44012. What is the tens digit of c?
7
Suppose 0 = 5*y - 23 + 128. Let s(j) = -11*j - 70. Let r be s(-14). Let q = r + y. What is the tens digit of q?
6
Let w = -4470 - -10684. What is the tens digit of w?
1
Let b(p) = -p**3 - 7*p**2 - 8*p - 10. Let y be b(-6). Suppose -y*g = -9 + 5. Suppose 2*w - w - g*l = 268, -794 = -3*w + l. What is the tens digit of w?
6
Let q(r) = -r**3 + 10*r**2 - 7*r + 12. Let f be q(9). Suppose f*o + 8410 = 35*o. What is the tens digit of o?
8
Let c(h) = 39*h**2 - 14. Let g be c(5). What is the units digit of g/8 - (-7)/(-56)?
0
What is the ten thousands digit of 4/((-16)/(-9036))*(-20)/(480/(-936))?
8
Let i(f) = -5*f + 42. Let n be i(8). Suppose -2*p - 34 = -5*m - 214, -90 = -p + n*m. What is the units digit of p?
0
Suppose 718*d - 676*d - 1817088 = 0. What is the tens digit of d?
6
Suppose -3*t = -3727 - 9119. What is the thousands digit of t?
4
Let q = 12457 - 5560. What is the thousands digit of q?
6
Suppose 5*q - 12 + 42 = 0, 4*q = -k + 11520. What is the tens digit of k?
4
Suppose 0*k = 2*u - k - 498, 4*u - 3*k - 994 = 0. Let v = 554 - u. Let n = v + -214. What is the units digit of n?
0
What is the thousands digit of (92/(-138))/(1*(-12)/130482)?
7
Let t(m) = m**2 - 30*m - 199. Let w be t(-5). What is the tens digit of ((-36)/w)/(6/5132)?
8
Let o(w) = 44*w + 867. What is the tens digit of o(7)?
7
Suppose -2*k - 5*d + 62 = k, 4*k - 76 = -5*d. Suppose 0 = 8*n - 50 - k. Suppose -236 = -n*y - 12. What is the tens digit of y?
2
What is the tens digit of -4 + (-12 - -20) + 7670?
7
Suppose -51*c + 37*c = -28*c + 407596. What is the thousands digit of c?
9
Let n(p) = 19*p + 5 + 93*p + 91*p + 25. What is the hundreds digit of n(4)?
8
Let p be (0 - 115)*(-10 - (-253)/55). Suppose 0 = 5*c - 3181 + p. What is the hundreds digit of c?
5
Suppose d + 832 = 836. Suppose -3 = 5*s - 23. Suppose 18 = s*g + d*q - 126, g = -3*q + 46. What is the units digit of g?
1
Let z(p) = 3*p**2 - 8*p - 3. Let r be z(3). Let d be (-7)/(14/(-4)) + r. What is the units digit of (-128)/(4 + -8)*d?
4
Let k be (-2)/(-15) - (-1947606)/(-1395). Let u = -54 - k. What is the tens digit of u?
4
Suppose 5*x + 1646 = 4*w - 215, x = 2*w - 923. Suppose -2*d + 3*v = 6*v - w, 0 = -5*d - 5*v + 1150. Suppose 3*f = 10*f - d. What is the units digit of f?
3
Let k(j) be the third derivative of -53*j**6/120 - j**5/60 + 7*j**4/24 + 7*j**3/6 - 8*j**2 - 2*j. What is the tens digit of k(-1)?
5
Let w = -1950 + 6558. Suppose 19*b - w = 13*b. What is the hundreds digit of b?
7
Suppose -13*t = 39*t - 308608 - 74840. What is the tens digit of t?
7
What is the tens digit of (-2)/(2 - 4) - (74 + -13136)?
6
Let c = 138 + -96. Let x = c + 5. Let w = x - -217. What is the units digit of w?
4
Let m be (44/1